)/(m/10). Is 6644/16 - a/(-8) composite?
True
Suppose -u = 5*g - 1218, u + 2*u + 5*g - 3604 = 0. Is u prime?
True
Suppose 5*y + 408 = b + 2*b, 4*b + 352 = -4*y. Let u = 142 + y. Is u a composite number?
True
Suppose -25*w = -6*w - 20273. Is w a composite number?
True
Suppose -5*w + 2*w = -684. Let j = 8 + 4. Suppose 8*s - j*s + w = 0. Is s a composite number?
True
Let n be 9/2*32/(-6). Let j = -233 - -303. Let t = j - n. Is t a prime number?
False
Let c be 39/(3 - (-9)/(-6)). Let r = -3 - -8. Let o = c + r. Is o a composite number?
False
Suppose 0 = -50*t + 15677 + 218873. Is t composite?
False
Let y(w) = -w**2 - 16*w - 5. Let d be 13 + 0 + (-2 - 0). Let i be y(d). Is i/(-6) + 22/33 a prime number?
False
Suppose 55 = 3*t - 8*t. Let j = t - -20. Is j composite?
True
Suppose -3*n + 42 = -5*p, -2*n - 2*n - 2*p = -30. Let m = n - 14. Is (-7804)/m - 4/(-20) prime?
False
Let g(b) = b**2 + b + 3. Let y be g(-2). Suppose 0 = -y*m - 0*c + c + 186, 0 = 5*c + 5. Is m a prime number?
True
Let x(p) = p**3 + 21*p**2 + 4*p - 50. Let z be x(-22). Let u = 243 - z. Is u composite?
True
Suppose -10*m + 117490 = 10260. Is m composite?
False
Is (-34)/(-85) - (1 - (-39084)/(-15)) prime?
False
Suppose -2*z + i - 5*i + 3142 = 0, 3*z = -5*i + 4709. Suppose 4*m - z = m. Is m a prime number?
True
Suppose 3*v = 4*x + v - 28, 2*x = -v + 10. Suppose -5*w + 16930 = -2*k, x*k - 10158 = -3*w + 2*k. Is w prime?
False
Is 5/(-4)*(-13 + -998 + 7) a composite number?
True
Suppose 17 + 70 = 3*i. Suppose 1148 = -25*p + i*p. Is p prime?
False
Let n = -290 - -575. Suppose -2*y = w - 289, -w - n = -2*w - 4*y. Is w a prime number?
True
Suppose 0 = 2*u - d - 11988, -2*u = -4*u - 4*d + 12008. Suppose -29*q + 25*q = -u. Is q composite?
False
Let t = -42 + 45. Is (0 + 1324/12)*1*t composite?
False
Let o be ((-4)/8)/((-1)/64). Suppose 31 = 5*r - l, 0 = 4*r - 0*l + l - o. Let v(b) = 2*b**2 + 8*b + 3. Is v(r) composite?
False
Let u = 16 + -12. Suppose -3*m = 5*o - 65, -3*o + 3*m + 28 = 7*m. Suppose -5*c + 2*p + 731 = 6*p, o = u*p. Is c prime?
False
Let a(v) = v - 3. Let o be a(6). Let h(b) = 2 + 2*b**2 - 4 + 5*b - o + 0. Is h(4) a prime number?
True
Let h(o) = -259*o**2 - 2*o + 51. Let w be h(7). Let r = w - -18087. Is r a composite number?
True
Let j = 17049 - 10096. Is j a composite number?
True
Let z(x) = -115*x**2 + 5*x + 4. Let i be z(-3). Let a = i + 1754. Suppose p + 3*p - a = 0. Is p prime?
False
Is 6156 + 8/24*6 composite?
True
Suppose -s + 15 - 4 = 0. Suppose s*t + 2540 = 6*t. Let g = -305 - t. Is g a composite number?
True
Let n be (-176)/(-33)*15/4. Suppose 2 = -2*i + 2*p + n, 3*i + 5 = -5*p. Suppose -i*d + 1389 = -596. Is d composite?
False
Let q(s) = -16*s**2 + 2*s + 2. Let x be q(-1). Let y(t) = -t**2 - 17*t - 1. Let k be y(x). Suppose -3*r = k - 564. Is r prime?
False
Let i = 1325 + 154. Let v = i - 592. Is v a prime number?
True
Suppose -w - 36 = -301. Is w a composite number?
True
Is 3/(-7) + 402464/112 a prime number?
True
Is 38643/21 + 3 + (-7)/49 composite?
True
Suppose 638 = 2*c - c. Suppose -2*w + c = -0*w. Is w prime?
False
Suppose z + 0*z = 743. Let b = -454 + z. Is b prime?
False
Let v(b) = 2230*b. Let l be v(3). Let p = l - 4357. Is p prime?
True
Let m(v) = 59*v + 2. Let c be m(-4). Let n = 449 + c. Suppose 0 = -g + 3*g + 3*w - 97, -w - n = -4*g. Is g prime?
True
Let p = -2421 - -8464. Is (-7 - -2)/(-20)*(1 + p) composite?
False
Suppose 0 = o + 226 - 1941. Suppose o + 161 = 4*r. Is r prime?
False
Let k = -32 - -24. Let o(d) = 2*d**2 + 7*d - 3. Let c be o(k). Suppose 72 = u - c. Is u a composite number?
True
Let a be (1/3)/((-2)/(-36)). Let c = a + -6. Suppose -5 = j, 2*j + c*j = -2*b + 66. Is b a prime number?
False
Suppose f = -5*g + 102 + 8277, 5*g = -2*f + 16738. Is f a composite number?
True
Let w(p) = 0 - 7*p - p + 7 + 7*p**3. Let y = -543 + 549. Is w(y) composite?
False
Let s(m) = m + 9. Let v be s(-6). Suppose 0 = 5*c - v*c - 5118. Is c prime?
False
Suppose -1041*r = -1043*r + 3286. Is r a prime number?
False
Suppose -a = -2, i - 10 = -a - 2*a. Suppose 0 = 2*u - 2*g - 5990, i*u - 5*g - 9846 = 2134. Is u composite?
True
Let l be (-27)/(-6)*(-4)/(-6). Suppose -l*v + v + 686 = 0. Suppose -6 = -3*n, c - 2*n + v = 4*c. Is c a composite number?
False
Suppose -10*u + 185830 = -0*u. Is u prime?
True
Let n(f) = -1. Let i(h) = -78*h - 19. Let l(w) = -i(w) + 2*n(w). Let t be l(7). Suppose -55 + t = 2*p. Is p prime?
False
Let q = 59 - 57. Suppose 0*l + 2*l - 402 = 5*k, -l + 201 = q*k. Is l prime?
False
Let d = -1836 - -4117. Let o = d - 1220. Is o a composite number?
False
Suppose 47363 = -5*z - 3*v, 0 = -2*z - z + 5*v - 28411. Let t = -6751 - z. Is t prime?
False
Is (-49)/21*3 + 16256 composite?
False
Suppose 3*l - 1095 = -q - q, -1 = l. Let n = q + -300. Is n composite?
True
Suppose -r = -2*r, 0 = -4*m + 5*r - 76. Let l = 7 + m. Let u(s) = -12*s - 13. Is u(l) composite?
False
Let t(o) = 4*o - 34*o**2 + 1 + 2*o + 58*o**2. Is t(5) prime?
True
Let t(r) = r**3 + 5*r**2 + 5*r + 5. Let k be t(-4). Let n = k + -3. Is 5/n*1392/(-40) a composite number?
True
Suppose -21346 = 94*o - 96*o. Is o prime?
False
Let a(y) be the first derivative of y**2 + 77*y + 2. Let p(r) = -r - 3. Let g be p(-3). Is a(g) composite?
True
Suppose -8*n + 22085 = -3*n. Suppose 2*a + n = 2*i + 3*a, -i + 2205 = 4*a. Is i/4 + 12/16 composite?
True
Is (-6)/(30/(-13855)) + 0 a prime number?
False
Suppose 12225 = -4*s + 2053. Let v = s + 5354. Is v composite?
True
Suppose n - 4 = -n. Let c be (2 + -2)/((-4)/(-2 + -2)). Suppose 2*f - 246 = -n*m, -2*f + c*m + m + 234 = 0. Is f composite?
True
Suppose -5 = -7*i + 9. Suppose -25 - 91 = -i*x. Is x composite?
True
Suppose -5*l + 17177 = -3*u, -4*l = 3*u - 15817 + 2097. Is l a composite number?
False
Let i be 7*(-9)/(-378) + 62/(-12). Let a(m) = -5*m**2 - 27*m - 53. Let t(g) = g**2 + 7*g + 13. Let p(j) = -2*a(j) - 9*t(j). Is p(i) a prime number?
True
Let a = 13 - 11. Let w(q) = 0*q + 5 - 5*q + 7*q**a + q**2 - 4*q**2. Is w(6) composite?
True
Let r(d) = 27*d - 85. Is r(18) a composite number?
False
Suppose 0 = 4*k - 4*i - 16, 0 = k + 3*k + 4*i - 16. Suppose k*b - 7 = 9. Suppose -b*o + 2*a + 5261 = 3*a, o + 2*a = 1317. Is o a prime number?
False
Let b = 64062 - -1187. Is b prime?
False
Let s(g) be the first derivative of -553*g**5/120 + 10*g**3/3 + 2. Let w(z) be the third derivative of s(z). Is w(-1) a prime number?
False
Suppose 735 - 3954 = -3*k. Is k a prime number?
False
Let o be (9 - -1)/(16/24). Let l be 6*(-4 - (-70)/o). Suppose 0 = -4*x + l*u - 3*u + 2678, -4*x + 5*u + 2686 = 0. Is x a prime number?
False
Let c be (-1194)/(-15) + (-6)/10. Let s = c + 172. Is s composite?
False
Let y = 199 - -504. Is y a prime number?
False
Suppose 11 + 41 = 4*s. Let y(t) be the second derivative of 7*t**3 - 5*t**2/2 + 5*t. Is y(s) a prime number?
True
Suppose -2*k - 6 = -0*k, -k + 4350 = 3*g. Is g composite?
False
Let j(l) = 400*l**2 - 156*l + 7. Is j(13) prime?
True
Let s = 9 + -22. Let k = 13 + s. Suppose 5*b - q - 92 = 0, 4*b - 2*q + 5*q - 85 = k. Is b prime?
True
Suppose 1009 = -45*k + 46*k. Is k a composite number?
False
Suppose 7*p - 1921 - 1516 = 0. Is p a prime number?
True
Let t(f) = -2*f + 4. Let w be t(2). Suppose w*q - 4*q + 16 = 0. Suppose 0 = q*z + z - 4*i - 1485, 3*z + 2*i - 869 = 0. Is z a composite number?
False
Let u be 3 + 1494 + -6 + 2. Suppose -4*h + l - 704 = -3681, 2*h + l - u = 0. Is h composite?
True
Suppose 0 = x - 6 + 2, 0 = 2*p + x - 14288. Is p prime?
False
Suppose 20*s - 10300 = 22*s. Is 2/(-9) + s/(-90) prime?
False
Suppose 612*g = 624*g - 848604. Is g composite?
False
Let g(i) = -i + 18. Let u be g(14). Is ((-2)/(u/6) - -2)*-331 a composite number?
False
Let f = 162 + -322. Let y be (287/3)/(4/12). Let z = y + f. Is z prime?
True
Let b(c) = -c. Let y(m) = -102*m + 16. Let j(q) = 3*b(q) - y(q). Is j(5) a composite number?
False
Let s(a) = -a**3 - a + 1901. Suppose h = -5*h - 2*h. Is s(h) a composite number?
False
Let p(c) = 41*c**2 + 9*c - 25. Is p(4) prime?
False
Let g = 124 + -64. Let j be (-838)/(-8) + 15/g. Suppose -152 - j = -a. Is a prime?
True
Let i be 6/3 + (-12)/(-3). Let f = i - 1. Suppose -419 = -3*v + 2*v - 5*h, -2*v - f*h = -838. Is v composite?
False
Let j = -2723 - -10780. Is j a prime number?
False
Let z(r) = r. Let c be z(5).